et v = t + 15. Let a(c) = v*w(c) - 5*d(c). What is a(2)?
-3
Let v(z) be the first derivative of -z**4/4 + 5*z**3/3 - z**2/2 + 4*z - 48. What is v(5)?
-1
Let y be 1/1*(-39)/13. Let w(b) be the third derivative of b**6/120 + b**5/30 - b**4/6 - 2*b**3/3 + 5*b**2. Give w(y).
-1
Let a = 385 + -380. Let p(r) = -2 - 2*r**2 - 4*r**2 + 4*r - 5*r + 6*r + r**3. Give p(a).
-2
Let l(q) = 8*q**2 - 216*q + 31. Let b be l(27). Let d(h) = h**2 - 30*h - 31. Give d(b).
0
Let f(g) be the first derivative of -g**3/3 + 4*g**2 - 9*g - 1. Determine f(6).
3
Let w(r) be the first derivative of -4*r**3/3 + 5*r**2/2 + 2*r - 11. Let i(c) = -c**2 + c + 1. Let m(b) = -3*i(b) + w(b). What is m(2)?
-1
Suppose -9*r + 48 = -7*r. Suppose -3*t = t - r. Let w(f) = f**2 - 5*f - 5. Give w(t).
1
Suppose 25 = -2*v - 15. Let p = 22 + v. Let w(y) = y + 5 - y + 1 - y**p + 5*y. What is w(6)?
0
Let y(c) = -c**3 + c**2 + 34. Let o be (11 - 11)*(-2)/(-6). Calculate y(o).
34
Suppose -1 = 5*s + 3*z, -2*s = -0*s + 2*z + 2. Let f(a) = a**2 + s + 2 - 6*a + 1. Suppose 0 = -2*l + 4 + 4. What is f(l)?
-4
Let q be 1950/26*6/10. Let t(r) = 5*r - 2*r - q + 38. Give t(-5).
-22
Let f(z) = -z - 1. Suppose 0 = 17*p - 53*p. Let n(d) be the first derivative of -d**4/4 - 2*d - 1. Let y be n(p). What is f(y)?
1
Let d(q) = 2 - 67*q**2 + 3 - 2 + 68*q**2 + q. What is d(0)?
3
Let s(t) = -t**3 - 5*t**2 - 6. Suppose -8 = -2*n - 0*n. Let f(l) = 0 + 1 - 2 - n*l**2 - l**3 - 3*l - l**2. Let j be f(-4). What is s(j)?
-6
Let b be 3/2 + ((-15)/10 - -2). Let i(g) = 4*g**b + 3 + 2*g**3 + 2 + 8*g - 3*g**3. Determine i(6).
-19
Let w = 14 - 12. Suppose 0 = w*q - 0*q + 48. Let b be 16/q*12/(-2). Let p(c) = c**2 - 4*c - 3. What is p(b)?
-3
Let s(d) = 2*d + 6. Let g be s(0). Let a(o) = -2*o**3 + 3*o**3 - 1 - g*o**2 - 1 - 2. Let x(z) = 7*z**2 + z. Let n be x(-1). What is a(n)?
-4
Let d(k) be the third derivative of 0 + k**2 + 1/60*k**5 - 1/4*k**4 + 0*k - k**3. Suppose 0*i - 6 = -i. Give d(i).
-6
Let p = 154 + -148. Let n(v) = p*v + 0 + v**2 + 3 + 3 - 5. Calculate n(-8).
17
Let d(c) = -c**2 - 10*c - 4. Let m = -60 - -87. Suppose -r - 2*r = -2*w - m, 4*w = 2*r - 42. Calculate d(w).
5
Let v(g) be the first derivative of g**3 + g**2 - 7 + 2*g - 1/12*g**4. Let n(t) be the first derivative of v(t). Calculate n(4).
10
Let b(k) = -8*k**2 - k. Let u = 80 + -75. Suppose 10 + 5 = 5*t. Suppose c - 2*n - 6 = u*c, 8 = -t*c - 5*n. What is b(c)?
-7
Let a(i) = -173 + 344 - 171 - 3*i**2 + i. Calculate a(3).
-24
Let x(k) be the third derivative of -k**4/24 + 5*k**3/3 + 2*k**2. Suppose 47 + 25 = 9*i. Give x(i).
2
Let b(q) = -13 - 63 - 2*q + q**2 + 69. Give b(4).
1
Suppose -2*j + 0 = -6. Let t(k) = 4*k**2 - 48 + k**3 - 6*k**2 - k - 43 + 94. Give t(j).
9
Let l(x) be the second derivative of -x**4/12 - 9*x**2 - 5*x. Suppose 0*d = 2*d. What is l(d)?
-18
Let l(m) = 2*m**3 - 4*m**2 + 9*m + 2. Let d(v) = -4*v**3 + 8*v**2 - 16*v - 4. Let y(a) = 3*d(a) + 5*l(a). Give y(3).
-29
Let s(o) = 5*o**2 + o. Let p be s(-1). Let v be p/(-16)*0 - -6. Let d(i) = i - 2. Determine d(v).
4
Suppose -3*f - 19 = 8. Let o(m) = -m**2 - 11*m + 4. Determine o(f).
22
Let a(i) = 2 + 5 - 2 - 2 - 2*i. Suppose -6*n + 2*n + 20 = 0. Determine a(n).
-7
Let q(i) be the first derivative of i**3/3 + 5*i**2/2 - 3*i + 9. Give q(-5).
-3
Let i(w) = -17 + 106 - 72 + 4*w + w**2 - 22. Let s(j) = 5*j - 1. Let z be s(-1). Give i(z).
7
Let d(w) = 6*w - 12. Suppose 48 = -38*k + 44*k. Give d(k).
36
Let q(j) be the second derivative of 0 + 2*j + 0*j**4 - 1/10*j**5 + 3/2*j**2 + 1/2*j**3. Suppose 2*n - x + 6 = 0, 4*x = -n + 3*n + 12. Determine q(n).
13
Let d(u) = 10*u**2 - u. Let b be 10 + 2/4*-6. Suppose -6 + 0 = -4*h + 2*o, -3*h + 2*o + b = 0. Give d(h).
11
Let b be ((-14)/8 - -1)*240/(-90). Let r(j) = -10*j**2 + 2*j - 2. Determine r(b).
-38
Let u(g) be the first derivative of -g**3/3 + 3*g**2/2 + 10*g + 13. What is u(7)?
-18
Let t(z) = 3*z**3 + 10*z**2 + z - 6. Let g(f) = 0 + f**3 + 0 + f**2. Let j = 199 + -203. Let d(v) = j*g(v) + t(v). Calculate d(6).
0
Let p be 852*((-8)/(-7) - 1/7). Let g(q) = -1 - p*q + 843*q - 1. Calculate g(2).
-20
Let a(v) = -5*v + 10. Suppose 6*l - 2*l - 12 = 0, -4*i + 2*l + 6 = 0. Determine a(i).
-5
Let y(z) = 11697*z**3 - 6 - 11698*z**3 + 0*z**2 + 5*z**2. Give y(5).
-6
Let q(g) = -g. Let r be q(-2). Let d(m) = -4*m**3 - 293*m + 291*m - 1 + 5*m**3 + 3. Give d(r).
6
Let w(c) be the first derivative of 75*c**4/4 - c**3/3 + c + 644. Determine w(1).
75
Let s(f) = -f**2 - f - 1. Suppose 8*i + 0 + 0 = 0. Suppose r - 5*r - 12 = i. Calculate s(r).
-7
Let n(q) = -q**3 + 4*q**2 - 4*q + 2. Suppose 3*y - 4 = 4*y. Let x = 6 + y. Calculate n(x).
2
Suppose 0*r = -3*r - 12. Let v(m) = 4 - m**3 - 3*m + 15 - 5*m**2 - 31 + 9 + 2. Calculate v(r).
-5
Let t(p) = -83*p**3 - 4*p**2 + 82*p**3 + 49*p - 46*p - 7. Let v be (-6)/15 - 92/20. Calculate t(v).
3
Let w(a) = 6 - 35 + 39*a + 34*a - 75*a. What is w(-12)?
-5
Let l = 0 + 2. Let v(f) = -3*f**2 + l*f**2 - 3*f - f + 4 + 0*f**2. Let m be v(-5). Let x(h) = 5*h**2 - 2*h - 1. Calculate x(m).
6
Let x = 181 + -111. Suppose 7*q - 21 = -x. Let u(n) = n**2 + 6*n. Give u(q).
7
Let d(m) = 6*m**2 - 15*m + 4. Let g(k) = 0*k - k**2 + 3*k - 7*k + 7*k - 1. Let f be (-2)/(-6)*(0 + 6). Let v(n) = f*d(n) + 11*g(n). What is v(-5)?
7
Let u(l) = -13*l**3 + 4*l - 1. Let c(k) = 30*k**3 + k**2 - 9*k + 3. Let j(d) = 3*c(d) + 7*u(d). Determine j(4).
-10
Let v(s) = s**2 + 9*s - 3. Let w(j) = j**3 + 34*j**2 - j - 43. Let r be w(-34). Calculate v(r).
-3
Let f(i) = i**2 - i. Let q(w) = -3*w**2 - 18*w - 12. Let d(s) = -f(s) - q(s). What is d(-9)?
3
Let f(u) = -2*u - 4. Let b(q) = -22 + q**2 + q + q + 29 - q**3. Let w be b(3). Calculate f(w).
6
Suppose 5*g + 12 + 13 = 0. Let a(c) = c**3 - c**2 - 1. Let k(w) = 4*w**3 + 3*w**2 - 8. Let x(q) = g*a(q) + k(q). Determine x(8).
-3
Suppose 4*t - 9*t = 0. Suppose 3*q - 9 = -t. Let g(a) = -a - 3. Give g(q).
-6
Let r = 35 - 33. Let c(u) = r*u**2 - 7*u**2 + 24*u - 23*u. Determine c(1).
-4
Let x(o) be the second derivative of o**6/120 + o**5/10 + o**4/6 - o**3/2 + 5*o**2 + 11*o. Let n(i) be the first derivative of x(i). What is n(-5)?
2
Let l(t) = 31*t**3 - 10*t**2 - 4*t + 17. Let r(w) = 21*w**3 - 7*w**2 - 3*w + 12. Let g(x) = -5*l(x) + 7*r(x). Determine g(-1).
9
Let r(h) = h**2 - 5*h - 7. Let l = 28 + -23. Suppose 4*m + 25 = 5*u, -2*u + m + l = -u. Determine r(u).
-7
Let a(b) = 2*b + 14. Let z(h) be the first derivative of -3*h**2/2 - 15*h + 15. Let w(l) = -4*a(l) - 3*z(l). Determine w(8).
-3
Let r(k) = k**3 + k**2 - k + 1. Let t be r(-2). Let q(v) be the second derivative of 0 - 1/6*v**3 - 10*v + 1/3*v**4 - 1/2*v**2. Give q(t).
4
Let t(s) = 40 + 46 - 124 + s**2 - 4*s + 42. What is t(4)?
4
Let f = -39 + 52. Let l(m) = -4 - 3*m**2 - f*m**3 + 5 - 3*m + 14*m**3 + m. What is l(3)?
-5
Suppose -y - 7 + 2 = 0. Let u(v) = 7*v**2 - 3*v + 9. Let x(h) = 4*h**2 - h + 5. Let a(w) = y*x(w) + 3*u(w). Let q = 11 + -7. Give a(q).
2
Let m(i) = -i**3 + 20*i**2 - 3*i - 9. Let s(t) = -2*t**2 + t. Let g(q) = m(q) + 5*s(q). Give g(10).
11
Let q(z) be the third derivative of -z**5/30 + z**4/12 - z**3/6 - 206*z**2. What is q(-2)?
-13
Let c(v) = 10*v**2 + 111*v**3 - 4*v + v - 12 - 4*v - 112*v**3. Suppose -4*y + 27 = -y. What is c(y)?
6
Suppose -593 + 323 = 18*r. Let p(f) = f**3 + 14*f**2 - 15*f - 5. What is p(r)?
-5
Let i(j) be the second derivative of -j**3/3 + j. Let v(r) = r**2 - 1. Let u be v(-1). Suppose 4*s = 2*n, u*n - 2*s = 5*n + 24. What is i(n)?
8
Let h(n) = -6 - 3*n - 10 + 2*n - 2*n. Let s be (-98)/(-56)*12/(-3). Determine h(s).
5
Let y(i) be the third derivative of -i**7/280 + i**6/180 - i**4/24 - 5*i**3/6 - 10*i**2. Let a(u) be the first derivative of y(u). Give a(-1).
4
Let q(u) = -u**3 + u**2 - 16*u + 15. Let n be q(1). Let v(j) = -2*j + 2. Calculate v(n).
4
Let l be ((-32)/24)/(2/(-3)). Suppose -22 = 4*k + l. Let u(t) be the second derivative of t**3/6 + 2*t**2 - t. Determine u(k).
-2
Let q = 84 + -124. Let z be 96/q*10/(-4). Let y(t) = 9*t**2 + 23*t + 10. Let s(b) = 5*b**2 + 12*b + 5. Let n(a) = 11*s(a) - 6*y(a). Determine n(z).
-5
Let j = -57 - -63. Let t(y) = -y**3 + 4*y**2 + 9*y - 6. Calculate t(j).
-24
Let n(c) be the second derivative of -c**4/12 + c**3/2 + 13*c**2/2 - 18*c. Let i be n(4). Let m(o) = -2*o + 13. Calculate m(i).
-5
Suppose -6*a - 